{"id":1546,"date":"2022-04-16T18:40:39","date_gmt":"2022-04-16T18:40:39","guid":{"rendered":"https:\/\/orgelzolders.nl\/?page_id=1546"},"modified":"2022-04-16T18:40:41","modified_gmt":"2022-04-16T18:40:41","slug":"helfer-der-orgeldachboeden-in-strassennamen-verewigt","status":"publish","type":"page","link":"https:\/\/orgelzolders.nl\/de\/helfer-der-orgeldachboeden-in-strassennamen-verewigt\/","title":{"rendered":"Helfer der Orgeldachb\u00f6den in Stra\u00dfennamen verewigt"},"content":{"rendered":"\n<p>Auf dem Gel\u00e4nde der ehemaligen Daniel-den-Hoed-Klinik in Rotterdam-S\u00fcd entsteht ein neues Wohngebiet. Das Kollegium von B\u00fcrgermeister und Beigeordneten der Stadt Rotterdam haben beschlossen, dass eine Allee, zwei Stra\u00dfen und ein Platz nach den Personen benannt werden, die bei der Rettung der sieben j\u00fcdischen Menschen, die sich auf den Orgeldachb\u00f6den der Breepleinkirche versteckt hielten, eine Schl\u00fcsselrolle gespielt hatten. Das Schild der <em>Leo Lashleylaan<\/em> konnte bereits fotografiert werden. Dies wird auch bald mit den Schildern <em>Familie De Marsplein<\/em>, <em>Familie Brillenburg Wurthstraat<\/em> und <em>Familie Van der Leerstraat <\/em>der Fall sein.<\/p>\n\n\n\n<p>Damit folgt das Kollegium von B\u00fcrgermeister und Beigeordneten dem Bezirksrat Vreewijk. Es ist ungew\u00f6hnlich, dass eine Stra\u00dfe oder ein Platz nach einer Familie benannt wird. In der Begr\u00fcndung des Beschlusses hei\u00dft es, dass die Familien und nicht die einzelnen Familienangeh\u00f6rigen genannt werden, weil \u201eWiderstandsaktionen nicht immer einer Person zugerechnet werden k\u00f6nnen, sondern oft von einer gr\u00f6\u00dferen Gruppe von Menschen durchgef\u00fchrt werden.\u201c Und genau so ist es geschehen.<\/p>\n\n\n\n<p>Die Karte zeigt, wie die Stra\u00dfen den Platz Familie De Marsplein sozusagen umarmen.<\/p>\n\n\n\n<p>(April 2021)<\/p>\n\n\n\n<figure class=\"wp-block-image size-large is-resized\"><img decoding=\"async\" data-src=\"https:\/\/orgelzolders.nl\/wp-content\/uploads\/2021\/04\/20200615_143931_web.jpg\" alt=\"foto Leo Lashleylaan\" class=\"wp-image-952 lazyload\" width=\"605\" height=\"453\" data-srcset=\"https:\/\/orgelzolders.nl\/wp-content\/uploads\/2021\/04\/20200615_143931_web.jpg 806w, https:\/\/orgelzolders.nl\/wp-content\/uploads\/2021\/04\/20200615_143931_web-600x450.jpg 600w, https:\/\/orgelzolders.nl\/wp-content\/uploads\/2021\/04\/20200615_143931_web-300x225.jpg 300w, https:\/\/orgelzolders.nl\/wp-content\/uploads\/2021\/04\/20200615_143931_web-768x576.jpg 768w\" data-sizes=\"(max-width: 605px) 100vw, 605px\" src=\"data:image\/svg+xml;base64,PHN2ZyB3aWR0aD0iMSIgaGVpZ2h0PSIxIiB4bWxucz0iaHR0cDovL3d3dy53My5vcmcvMjAwMC9zdmciPjwvc3ZnPg==\" style=\"--smush-placeholder-width: 605px; --smush-placeholder-aspect-ratio: 605\/453;\" \/><\/figure>\n\n\n\n<figure class=\"wp-block-image size-large is-resized\"><img decoding=\"async\" data-src=\"https:\/\/orgelzolders.nl\/wp-content\/uploads\/2021\/04\/nieuwe-straatnamen.jpg\" alt=\"\" class=\"wp-image-955 lazyload\" width=\"613\" height=\"864\" data-srcset=\"https:\/\/orgelzolders.nl\/wp-content\/uploads\/2021\/04\/nieuwe-straatnamen.jpg 613w, https:\/\/orgelzolders.nl\/wp-content\/uploads\/2021\/04\/nieuwe-straatnamen-600x846.jpg 600w, https:\/\/orgelzolders.nl\/wp-content\/uploads\/2021\/04\/nieuwe-straatnamen-213x300.jpg 213w\" data-sizes=\"(max-width: 613px) 100vw, 613px\" src=\"data:image\/svg+xml;base64,PHN2ZyB3aWR0aD0iMSIgaGVpZ2h0PSIxIiB4bWxucz0iaHR0cDovL3d3dy53My5vcmcvMjAwMC9zdmciPjwvc3ZnPg==\" style=\"--smush-placeholder-width: 613px; --smush-placeholder-aspect-ratio: 613\/864;\" \/><\/figure>\n","protected":false},"excerpt":{"rendered":"<p>Auf dem Gel\u00e4nde der ehemaligen Daniel-den-Hoed-Klinik in Rotterdam-S\u00fcd entsteht ein neues Wohngebiet. Das Kollegium von B\u00fcrgermeister und Beigeordneten der Stadt Rotterdam haben beschlossen, dass eine Allee, zwei Stra\u00dfen und ein Platz nach den Personen benannt werden, die bei der Rettung der sieben j\u00fcdischen Menschen, die sich auf den Orgeldachb\u00f6den der Breepleinkirche versteckt hielten, eine Schl\u00fcsselrolle [&hellip;]<\/p>\n","protected":false},"author":5,"featured_media":0,"parent":0,"menu_order":0,"comment_status":"closed","ping_status":"closed","template":"","meta":{"site-sidebar-layout":"default","site-content-layout":"default","ast-site-content-layout":"default","site-content-style":"default","site-sidebar-style":"default","ast-global-header-display":"","ast-banner-title-visibility":"","ast-main-header-display":"","ast-hfb-above-header-display":"","ast-hfb-below-header-display":"","ast-hfb-mobile-header-display":"","site-post-title":"","ast-breadcrumbs-content":"","ast-featured-img":"","footer-sml-layout":"","ast-disable-related-posts":"","theme-transparent-header-meta":"default","adv-header-id-meta":"","stick-header-meta":"","header-above-stick-meta":"","header-main-stick-meta":"","header-below-stick-meta":"","astra-migrate-meta-layouts":"default","ast-page-background-enabled":"default","ast-page-background-meta":{"desktop":{"background-color":"","background-image":"","background-repeat":"repeat","background-position":"center center","background-size":"auto","background-attachment":"scroll","background-type":"","background-media":"","overlay-type":"","overlay-color":"","overlay-opacity":"","overlay-gradient":""},"tablet":{"background-color":"","background-image":"","background-repeat":"repeat","background-position":"center center","background-size":"auto","background-attachment":"scroll","background-type":"","background-media":"","overlay-type":"","overlay-color":"","overlay-opacity":"","overlay-gradient":""},"mobile":{"background-color":"","background-image":"","background-repeat":"repeat","background-position":"center center","background-size":"auto","background-attachment":"scroll","background-type":"","background-media":"","overlay-type":"","overlay-color":"","overlay-opacity":"","overlay-gradient":""}},"ast-content-background-meta":{"desktop":{"background-color":"var(--ast-global-color-5)","background-image":"","background-repeat":"repeat","background-position":"center center","background-size":"auto","background-attachment":"scroll","background-type":"","background-media":"","overlay-type":"","overlay-color":"","overlay-opacity":"","overlay-gradient":""},"tablet":{"background-color":"var(--ast-global-color-5)","background-image":"","background-repeat":"repeat","background-position":"center center","background-size":"auto","background-attachment":"scroll","background-type":"","background-media":"","overlay-type":"","overlay-color":"","overlay-opacity":"","overlay-gradient":""},"mobile":{"background-color":"var(--ast-global-color-5)","background-image":"","background-repeat":"repeat","background-position":"center center","background-size":"auto","background-attachment":"scroll","background-type":"","background-media":"","overlay-type":"","overlay-color":"","overlay-opacity":"","overlay-gradient":""}},"footnotes":""},"class_list":["post-1546","page","type-page","status-publish","hentry"],"_links":{"self":[{"href":"https:\/\/orgelzolders.nl\/de\/wp-json\/wp\/v2\/pages\/1546","targetHints":{"allow":["GET"]}}],"collection":[{"href":"https:\/\/orgelzolders.nl\/de\/wp-json\/wp\/v2\/pages"}],"about":[{"href":"https:\/\/orgelzolders.nl\/de\/wp-json\/wp\/v2\/types\/page"}],"author":[{"embeddable":true,"href":"https:\/\/orgelzolders.nl\/de\/wp-json\/wp\/v2\/users\/5"}],"replies":[{"embeddable":true,"href":"https:\/\/orgelzolders.nl\/de\/wp-json\/wp\/v2\/comments?post=1546"}],"version-history":[{"count":1,"href":"https:\/\/orgelzolders.nl\/de\/wp-json\/wp\/v2\/pages\/1546\/revisions"}],"predecessor-version":[{"id":1547,"href":"https:\/\/orgelzolders.nl\/de\/wp-json\/wp\/v2\/pages\/1546\/revisions\/1547"}],"wp:attachment":[{"href":"https:\/\/orgelzolders.nl\/de\/wp-json\/wp\/v2\/media?parent=1546"}],"curies":[{"name":"wp","href":"https:\/\/api.w.org\/{rel}","templated":true}]}}

Helfer der Orgeldachböden in Straßennamen verewigt

<p>Auf dem Gelände der ehemaligen Daniel-den-Hoed-Klinik in Rotterdam-Süd entsteht ein neues Wohngebiet. Das Kollegium von Bürgermeister und Beigeordneten der Stadt Rotterdam haben beschlossen, dass eine Allee, zwei Straßen und ein Platz nach den Personen benannt werden, die bei der Rettung der sieben jüdischen Menschen, die sich auf den Orgeldachböden der Breepleinkirche versteckt hielten, eine Schlüsselrolle gespielt hatten. Das Schild der <em>Leo Lashleylaan</em> konnte bereits fotografiert werden. Dies wird auch bald mit den Schildern <em>Familie De Marsplein</em>, <em>Familie Brillenburg Wurthstraat</em> und <em>Familie Van der Leerstraat </em>der Fall sein.</p>



<p>Damit folgt das Kollegium von Bürgermeister und Beigeordneten dem Bezirksrat Vreewijk. Es ist ungewöhnlich, dass eine Straße oder ein Platz nach einer Familie benannt wird. In der Begründung des Beschlusses heißt es, dass die Familien und nicht die einzelnen Familienangehörigen genannt werden, weil „Widerstandsaktionen nicht immer einer Person zugerechnet werden können, sondern oft von einer größeren Gruppe von Menschen durchgeführt werden.“ Und genau so ist es geschehen.</p>



<p>Die Karte zeigt, wie die Straßen den Platz Familie De Marsplein sozusagen umarmen.</p>



<p>(April 2021)</p>



<figure class="wp-block-image size-large is-resized"><img decoding="async" data-src="https://orgelzolders.nl/wp-content/uploads/2021/04/20200615_143931_web.jpg" alt="foto Leo Lashleylaan" class="wp-image-952 lazyload" width="605" height="453" data-srcset="https://orgelzolders.nl/wp-content/uploads/2021/04/20200615_143931_web.jpg 806w, https://orgelzolders.nl/wp-content/uploads/2021/04/20200615_143931_web-600x450.jpg 600w, https://orgelzolders.nl/wp-content/uploads/2021/04/20200615_143931_web-300x225.jpg 300w, https://orgelzolders.nl/wp-content/uploads/2021/04/20200615_143931_web-768x576.jpg 768w" data-sizes="(max-width: 605px) 100vw, 605px" src="data:image/svg+xml;base64,PHN2ZyB3aWR0aD0iMSIgaGVpZ2h0PSIxIiB4bWxucz0iaHR0cDovL3d3dy53My5vcmcvMjAwMC9zdmciPjwvc3ZnPg==" style="--smush-placeholder-width: 605px; --smush-placeholder-aspect-ratio: 605/453;" /></figure>



<figure class="wp-block-image size-large is-resized"><img decoding="async" data-src="https://orgelzolders.nl/wp-content/uploads/2021/04/nieuwe-straatnamen.jpg" alt="" class="wp-image-955 lazyload" width="613" height="864" data-srcset="https://orgelzolders.nl/wp-content/uploads/2021/04/nieuwe-straatnamen.jpg 613w, https://orgelzolders.nl/wp-content/uploads/2021/04/nieuwe-straatnamen-600x846.jpg 600w, https://orgelzolders.nl/wp-content/uploads/2021/04/nieuwe-straatnamen-213x300.jpg 213w" data-sizes="(max-width: 613px) 100vw, 613px" src="data:image/svg+xml;base64,PHN2ZyB3aWR0aD0iMSIgaGVpZ2h0PSIxIiB4bWxucz0iaHR0cDovL3d3dy53My5vcmcvMjAwMC9zdmciPjwvc3ZnPg==" style="--smush-placeholder-width: 613px; --smush-placeholder-aspect-ratio: 613/864;" /></figure>

<p>Auf dem Gelände der ehemaligen Daniel-den-Hoed-Klinik in Rotterdam-Süd entsteht ein neues Wohngebiet. Das Kollegium von Bürgermeister und Beigeordneten der Stadt Rotterdam haben beschlossen, dass eine Allee, zwei Straßen und ein Platz nach den Personen benannt werden, die bei der Rettung der sieben jüdischen Menschen, die sich auf den Orgeldachböden der Breepleinkirche versteckt hielten, eine Schlüsselrolle [&hellip;]</p>
